{"id":100,"date":"2015-06-09T11:47:09","date_gmt":"2015-06-09T09:47:09","guid":{"rendered":"http:\/\/www.greie.ch\/web\/?page_id=100"},"modified":"2025-10-24T16:44:52","modified_gmt":"2025-10-24T14:44:52","slug":"accueil","status":"publish","type":"page","link":"https:\/\/www.greie.ch\/web\/","title":{"rendered":"Accueil"},"content":{"rendered":"<div id='layer_slider_1'  class='avia-layerslider main_color avia-shadow  avia-builder-el-0  el_before_av_layout_row  avia-builder-el-first  container_wrap sidebar_right'  style='height: 401px;'  ><\/div>\n<div id='av-layout-grid-1'  class='av-layout-grid-container av-35mcs-d70be7c3e0b37858f0c878582b2be951 entry-content-wrapper main_color av-flex-cells  avia-builder-el-1  el_after_av_layerslider  avia-builder-el-last  grid-row-not-first  container_wrap sidebar_right'  >\n\n<style type=\"text\/css\" data-created_by=\"avia_inline_auto\" id=\"style-css-av-ssws4-b78e6f42b8378ec220e6ed669c1c1cf6\">\n.flex_cell.av-ssws4-b78e6f42b8378ec220e6ed669c1c1cf6{\nvertical-align:top;\nbackground-color:#424242;\n}\n.responsive #top #wrap_all .flex_cell.av-ssws4-b78e6f42b8378ec220e6ed669c1c1cf6{\npadding:30px 30px 30px 30px !important;\n}\n<\/style>\n<div class='flex_cell av-ssws4-b78e6f42b8378ec220e6ed669c1c1cf6 av-gridrow-cell av_one_half no_margin  avia-builder-el-2  el_before_av_cell_one_half  avia-builder-el-first  content-align-top'  ><div class='flex_cell_inner'>\n<style type=\"text\/css\" data-created_by=\"avia_inline_auto\" id=\"style-css-av-n0yo4-dba68e41df199b8f0b9f4357dd8e9e18\">\n#top .av_textblock_section.av-n0yo4-dba68e41df199b8f0b9f4357dd8e9e18 .avia_textblock{\ncolor:#ffffff;\n}\n<\/style>\n<section  class='av_textblock_section av-n0yo4-dba68e41df199b8f0b9f4357dd8e9e18 '   itemscope=\"itemscope\" itemtype=\"https:\/\/schema.org\/CreativeWork\" ><div class='avia_textblock av_inherit_color'  itemprop=\"text\" ><p>Le groupe des responsables \u00e9tudes d\u2019impact r\u00e9unit les repr\u00e9sentants des services cantonaux responsables de l\u2019\u00e9valuation des rapports d\u2019impact sur l\u2019environnement des cantons romands, des cantons de Berne et du Tessin, ainsi que de l\u2019office f\u00e9d\u00e9ral de l\u2019environnement.<\/p>\n<\/div><\/section>\n<\/div><\/div>\n<style type=\"text\/css\" data-created_by=\"avia_inline_auto\" id=\"style-css-av-fz28k-1b25fc38a8f6f888dfe2b3fac3802c87\">\n.flex_cell.av-fz28k-1b25fc38a8f6f888dfe2b3fac3802c87{\nvertical-align:top;\nbackground-color:#707070;\n}\n.responsive #top #wrap_all .flex_cell.av-fz28k-1b25fc38a8f6f888dfe2b3fac3802c87{\npadding:30px 30px 30px 30px !important;\n}\n<\/style>\n<div class='flex_cell av-fz28k-1b25fc38a8f6f888dfe2b3fac3802c87 av-gridrow-cell av_one_half no_margin  avia-builder-el-4  el_after_av_cell_one_half  avia-builder-el-last  content-align-top'  ><div class='flex_cell_inner'>\n<style type=\"text\/css\" data-created_by=\"avia_inline_auto\" id=\"style-css-av-9tjp8-0c52f410c1740b10558ab2ff09f610bd\">\n#top .av_textblock_section.av-9tjp8-0c52f410c1740b10558ab2ff09f610bd .avia_textblock{\ncolor:#ffffff;\n}\n<\/style>\n<section  class='av_textblock_section av-9tjp8-0c52f410c1740b10558ab2ff09f610bd '   itemscope=\"itemscope\" itemtype=\"https:\/\/schema.org\/CreativeWork\" ><div class='avia_textblock av_inherit_color'  itemprop=\"text\" ><p>R\u00e9uni depuis 1992, le grEIE se veut une plate-forme d\u2019\u00e9changes d\u2019exp\u00e9riences et d\u2019informations, destin\u00e9 \u00e0 harmoniser les pratiques et \u00e0 am\u00e9liorer l\u2019instrument EIE.<\/p>\n<\/div><\/section>\n<\/div><\/div>\n<\/div>\n","protected":false},"excerpt":{"rendered":"","protected":false},"author":11,"featured_media":0,"parent":0,"menu_order":0,"comment_status":"closed","ping_status":"closed","template":"","meta":{"wp_mapbox_gl_js_media":[],"footnotes":""},"class_list":["post-100","page","type-page","status-publish","hentry"],"_links":{"self":[{"href":"https:\/\/www.greie.ch\/web\/wp-json\/wp\/v2\/pages\/100","targetHints":{"allow":["GET"]}}],"collection":[{"href":"https:\/\/www.greie.ch\/web\/wp-json\/wp\/v2\/pages"}],"about":[{"href":"https:\/\/www.greie.ch\/web\/wp-json\/wp\/v2\/types\/page"}],"author":[{"embeddable":true,"href":"https:\/\/www.greie.ch\/web\/wp-json\/wp\/v2\/users\/11"}],"replies":[{"embeddable":true,"href":"https:\/\/www.greie.ch\/web\/wp-json\/wp\/v2\/comments?post=100"}],"version-history":[{"count":51,"href":"https:\/\/www.greie.ch\/web\/wp-json\/wp\/v2\/pages\/100\/revisions"}],"predecessor-version":[{"id":853,"href":"https:\/\/www.greie.ch\/web\/wp-json\/wp\/v2\/pages\/100\/revisions\/853"}],"wp:attachment":[{"href":"https:\/\/www.greie.ch\/web\/wp-json\/wp\/v2\/media?parent=100"}],"curies":[{"name":"wp","href":"https:\/\/api.w.org\/{rel}","templated":true}]}}

<div id='layer_slider_1'  class='avia-layerslider main_color avia-shadow  avia-builder-el-0  el_before_av_layout_row  avia-builder-el-first  container_wrap sidebar_right'  style='height: 401px;'  ></div>
<div id='av-layout-grid-1'  class='av-layout-grid-container av-35mcs-d70be7c3e0b37858f0c878582b2be951 entry-content-wrapper main_color av-flex-cells  avia-builder-el-1  el_after_av_layerslider  avia-builder-el-last  grid-row-not-first  container_wrap sidebar_right'  >

<style type="text/css" data-created_by="avia_inline_auto" id="style-css-av-ssws4-b78e6f42b8378ec220e6ed669c1c1cf6">
.flex_cell.av-ssws4-b78e6f42b8378ec220e6ed669c1c1cf6{
vertical-align:top;
background-color:#424242;
}
.responsive #top #wrap_all .flex_cell.av-ssws4-b78e6f42b8378ec220e6ed669c1c1cf6{
padding:30px 30px 30px 30px !important;
}
</style>
<div class='flex_cell av-ssws4-b78e6f42b8378ec220e6ed669c1c1cf6 av-gridrow-cell av_one_half no_margin  avia-builder-el-2  el_before_av_cell_one_half  avia-builder-el-first  content-align-top'  ><div class='flex_cell_inner'>
<style type="text/css" data-created_by="avia_inline_auto" id="style-css-av-n0yo4-dba68e41df199b8f0b9f4357dd8e9e18">
#top .av_textblock_section.av-n0yo4-dba68e41df199b8f0b9f4357dd8e9e18 .avia_textblock{
color:#ffffff;
}
</style>
<section  class='av_textblock_section av-n0yo4-dba68e41df199b8f0b9f4357dd8e9e18 '   itemscope="itemscope" itemtype="https://schema.org/CreativeWork" ><div class='avia_textblock av_inherit_color'  itemprop="text" ><p>Le groupe des responsables études d’impact réunit les représentants des services cantonaux responsables de l’évaluation des rapports d’impact sur l’environnement des cantons romands, des cantons de Berne et du Tessin, ainsi que de l’office fédéral de l’environnement.</p>
</div></section>
</div></div>
<style type="text/css" data-created_by="avia_inline_auto" id="style-css-av-fz28k-1b25fc38a8f6f888dfe2b3fac3802c87">
.flex_cell.av-fz28k-1b25fc38a8f6f888dfe2b3fac3802c87{
vertical-align:top;
background-color:#707070;
}
.responsive #top #wrap_all .flex_cell.av-fz28k-1b25fc38a8f6f888dfe2b3fac3802c87{
padding:30px 30px 30px 30px !important;
}
</style>
<div class='flex_cell av-fz28k-1b25fc38a8f6f888dfe2b3fac3802c87 av-gridrow-cell av_one_half no_margin  avia-builder-el-4  el_after_av_cell_one_half  avia-builder-el-last  content-align-top'  ><div class='flex_cell_inner'>
<style type="text/css" data-created_by="avia_inline_auto" id="style-css-av-9tjp8-0c52f410c1740b10558ab2ff09f610bd">
#top .av_textblock_section.av-9tjp8-0c52f410c1740b10558ab2ff09f610bd .avia_textblock{
color:#ffffff;
}
</style>
<section  class='av_textblock_section av-9tjp8-0c52f410c1740b10558ab2ff09f610bd '   itemscope="itemscope" itemtype="https://schema.org/CreativeWork" ><div class='avia_textblock av_inherit_color'  itemprop="text" ><p>Réuni depuis 1992, le grEIE se veut une plate-forme d’échanges d’expériences et d’informations, destiné à harmoniser les pratiques et à améliorer l’instrument EIE.</p>
</div></section>
</div></div>
</div>
